{"id":9,"date":"2007-07-17T02:11:59","date_gmt":"2007-07-17T00:11:59","guid":{"rendered":"http:\/\/www.jugend-hd.de\/jj-wp\/?page_id=9"},"modified":"2024-11-16T23:57:46","modified_gmt":"2024-11-16T22:57:46","slug":"hauskreise-kleingruppen","status":"publish","type":"page","link":"https:\/\/www.jugend-hd.de\/?page_id=9","title":{"rendered":"Hauskreise &#8211; Kleingruppen"},"content":{"rendered":"<p>Du bist Christ geworden?<br \/>\n<a href=\"https:\/\/jjworks.de\/static_collected\/dl\/jkurse\/Willkommen%20in%20Gottes%20Familie.pdf\" target=\"_blank\" rel=\"noopener\">Willkommen in Gottes Familie<\/a>. Hier sind Anregungen, was wichtig f\u00fcr dein \u00dcberleben ist.<\/p>\n<p><a href=\"https:\/\/jjworks.de\/static_collected\/dl\/gebet\/Waffenruestung.pdf\" target=\"_blank\" rel=\"noopener\">Waffenr\u00fcstung<\/a> &#8211; sich durch das Gebet auf t\u00e4gliche Herausforderungen vorbereiten.<\/p>\n<p>Auf der Suche nach geeigneten <a href=\"https:\/\/jjworks.de\/static_collected\/dl\/jkurse\/jkurse.html\">J\u00fcngerschafskursen<\/a>? Hier sind Vorschl\u00e4ge.<\/p>\n<p>Oder eine <strong style=\"font-weight: normal;\"><a href=\"https:\/\/www.jugend-hd.de\/jj-wp\/wp-content\/MeinePersoenlicheGeistlicheBestandsaufnahme.pdf\" rel=\"\">Meine Pers\u00f6nliche geistliche Bestandsaufnahme<\/a><\/strong> machen, so als Zwischencheck?<\/p>\n<p><a href=\"http:\/\/store.pastors.com\/search?q=small+group+training\" target=\"_blank\" rel=\"noopener\">Saddleback-Konzept<\/a> zu Kleingruppenarbeit? (Englisch)<br \/>\nF\u00fcr die einzelnen Kleingruppen haben sie <a href=\"http:\/\/store.pastors.com\/search?q=small+group+training\" target=\"_blank\" rel=\"noopener\">Material<\/a> erstellt und benutzen es w\u00e4hrend der Treffen.<\/p>\n<p>ARTIKEL GESUCHT?<\/p>\n<p><a href=\"https:\/\/www.jugend-hd.de\/jj-wp\/?cat=5\">Alle Beitr\u00e4ge der Kategorie Kleingruppen ansehen<\/a><\/p>\n","protected":false},"excerpt":{"rendered":"<p>Du bist Christ geworden? Willkommen in Gottes Familie. Hier sind Anregungen, was wichtig f\u00fcr dein \u00dcberleben ist. Waffenr\u00fcstung &#8211; sich durch das Gebet auf t\u00e4gliche Herausforderungen vorbereiten. Auf der Suche nach geeigneten J\u00fcngerschafskursen? Hier sind<\/p>\n","protected":false},"author":18,"featured_media":0,"parent":194,"menu_order":2,"comment_status":"open","ping_status":"closed","template":"","meta":{"footnotes":""},"class_list":["post-9","page","type-page","status-publish","hentry"],"_links":{"self":[{"href":"https:\/\/www.jugend-hd.de\/index.php?rest_route=\/wp\/v2\/pages\/9","targetHints":{"allow":["GET"]}}],"collection":[{"href":"https:\/\/www.jugend-hd.de\/index.php?rest_route=\/wp\/v2\/pages"}],"about":[{"href":"https:\/\/www.jugend-hd.de\/index.php?rest_route=\/wp\/v2\/types\/page"}],"author":[{"embeddable":true,"href":"https:\/\/www.jugend-hd.de\/index.php?rest_route=\/wp\/v2\/users\/18"}],"replies":[{"embeddable":true,"href":"https:\/\/www.jugend-hd.de\/index.php?rest_route=%2Fwp%2Fv2%2Fcomments&post=9"}],"version-history":[{"count":5,"href":"https:\/\/www.jugend-hd.de\/index.php?rest_route=\/wp\/v2\/pages\/9\/revisions"}],"predecessor-version":[{"id":1119,"href":"https:\/\/www.jugend-hd.de\/index.php?rest_route=\/wp\/v2\/pages\/9\/revisions\/1119"}],"up":[{"embeddable":true,"href":"https:\/\/www.jugend-hd.de\/index.php?rest_route=\/wp\/v2\/pages\/194"}],"wp:attachment":[{"href":"https:\/\/www.jugend-hd.de\/index.php?rest_route=%2Fwp%2Fv2%2Fmedia&parent=9"}],"curies":[{"name":"wp","href":"https:\/\/api.w.org\/{rel}","templated":true}]}}